{"id":5509,"date":"2021-10-20T16:29:33","date_gmt":"2021-10-20T13:29:33","guid":{"rendered":"https:\/\/www.veikals.teniss.lv\/?post_type=product&#038;p=5509"},"modified":"2026-03-03T17:21:41","modified_gmt":"2026-03-03T15:21:41","slug":"shadow-tour-men-zili-melni","status":"publish","type":"product","link":"https:\/\/www.veikals.teniss.lv\/index.php\/product\/shadow-tour-men-zili-melni\/","title":{"rendered":"Shadow Tour Men"},"content":{"rendered":"<p><strong>Babolat v\u012brie\u0161u badmintona apavi Shadow Tour. <\/strong>Babolat apavi\u00a0ir augst\u0101k\u0101 l\u012bme\u0146a v\u012brie\u0161u badmintona apavi.<\/p>\n<p><strong>Tehnlo\u0123ijas:<\/strong><\/p>\n<ul>\n<li>Michelin zoles- Babolat apavu zoles ir izstr\u0101d\u0101jusi slaven\u0101 fran\u010du komp\u0101nija Michelin. T\u0101s jaun\u0101 zole ir piln\u012bb\u0101 piem\u0113rota visiem segumiem, uz kuriem sp\u0113l\u0113 badmintonu. Zoles ir \u012bpa\u0161i iztur\u012bgas, elast\u012bgas un atbilst non-marking standartam.<\/li>\n<li>Ortholite p\u0113di\u0146a- p\u0113c pirmajiem treni\u0146iem p\u0113di\u0146a piel\u0101gosies sp\u0113l\u0113t\u0101ja k\u0101jai un ie\u0146ems prec\u012bzu valk\u0101t\u0101ja p\u0113das formu, kas padar\u012bs \u0161o apavu valk\u0101\u0161anu v\u0113l \u0113rt\u0101ku.<\/li>\n<li>DCS- dubult\u0101 m\u012bkstin\u0101\u0161anas sist\u0113ma, kas iestr\u0101d\u0101ta Shadow apavu zol\u0113 \u0101bsorb\u0113s triecienus un rad\u012bs \u012bpa\u0161i komfortablu un pat\u012bkamu saj\u016btu.<\/li>\n<li>Active Sculpture- 3D zole, kas rea\u0123\u0113 uz sp\u0113l\u0113t\u0101ja kust\u012bb\u0101m visos virzienos, un padara katru atsp\u0113rienu \u0101tr\u0101ku un m\u012bkst\u0101ku.<\/li>\n<li>Ariaprene- 2mm putu sl\u0101nis apvienojum\u0101 ar sieti\u0146veida materi\u0101lu apavu aug\u0161\u0113j\u0101 da\u013c\u0101 nodro\u0161ina \u0113rt\u0101ko iesp\u0113jamo saj\u016btu un izcilu apavu iztur\u012bbu.<\/li>\n<\/ul>\n<p style=\"text-align: center;\"><strong>Ieg\u0101d\u0101jies preces m\u016bsu internetveikal\u0101 uz izv\u0113lies sev \u0113rt\u0101ko pieg\u0101des veidu!\u00a0<\/strong><\/p>\n<p><strong>Pieg\u0101des veidi un cenas:\u00a0<\/strong><\/p>\n<ul>\n<li>Sa\u0146emt preci Babolat veikal\u0101 \u2013\u00a0<strong>BEZMAKSAS<\/strong><\/li>\n<li>Sa\u0146emt preci Omniva pakom\u0101t\u0101 \u2013\u00a0<strong>1,99 EUR<\/strong><\/li>\n<li>Sa\u0146emt preci ar pieg\u0101di uz m\u0101j\u0101m \u2013\u00a0<strong>9,99 EUR<\/strong><\/li>\n<\/ul>\n<p><strong>Ieg\u0101d\u0101joties preces virs 100 EUR, pieg\u0101de uz m\u0101j\u0101m vai Omniva pakom\u0101t\u0101 \u2013 BEZMAKSAS!\u00a0<\/strong><\/p>\n<p>Uzzin\u0101t vair\u0101k par apmaksas veidiem:\u00a0<a href=\"https:\/\/www.teniss.lv\/apmaksas-veidi\/\">APMAKSAS VEIDI<\/a><\/p>\n<p>Uzzin\u0101t vair\u0101k par garantijas nosac\u012bjumiem un atgrie\u0161anas iesp\u0113j\u0101m:\u00a0<a href=\"https:\/\/www.teniss.lv\/garantija-un-atgriesana\/\">GARANTIJA UN ATGRIE\u0160ANA<\/a><\/p>\n<h6 style=\"text-align: center;\"><strong>BABOLAT TENISA VEIKALS<\/strong>\u2013\u00a0<strong>R\u012aG\u0100, C\u0112SU IEL\u0100 31. VISS NEPIECIE\u0160AMAIS TENISAM.\u00a0<\/strong><\/h6>\n<p style=\"text-align: center;\"><strong><a href=\"https:\/\/www.veikals.teniss.lv\/index.php\/kontakti\/\">K\u0101 nok\u013c\u016bt?\u00a0<\/a><\/strong><\/p>\n<p><span lang=\"lv\"><strong>Babolat<\/strong>\u00a0ir fran\u010du izcelsmes \u0123imenes uz\u0146\u0113mums, kas savu darb\u012bbu aizs\u0101cis jau 1875. gad\u0101, kad teniss un badmintons v\u0113l bija tikai s\u0101kuma stadij\u0101. Ar gandr\u012bz 150 gadu laik\u0101 uzkr\u0101to pieredzi, Babolat ir viens no vec\u0101kajiem un profesion\u0101l\u0101kajiem staurptautiskajiem sporta z\u012bmoliem pasaul\u0113, kas specializ\u0113jas rake\u0161u sport\u0101. Gadu laik\u0101 v\u0113rojot un analiz\u0113jot sp\u0113les, Babolat m\u0113r\u0137is ir rast ar vien lab\u0101kus risin\u0101jumus un uzlabjumus, lai ieg\u016btu maksim\u0101lo kvalit\u0101ti sp\u0113l\u0113, piel\u0101gojoties sp\u0113les stiliem, k\u0101 ar\u012b sp\u0113l\u0113t\u0101ju l\u012bme\u0146iem un vecumiem. Babolat ir izveidojis lieliskas sadarb\u012bbas ar t\u0101diem profesion\u0101liem tenisa sp\u0113l\u0113t\u0101jiem k\u0101 Rafael Nadal un Stephan Houdet, profesion\u0101liem badmintona sp\u0113l\u0113t\u0101jiem Chloe Birch un Hongyan Pi un izcilu badmintona sp\u0113l\u0113t\u0101ju Juan Lebron.\u00a0<\/span><\/p>\n<p>Vair\u0101k par Babolat badmintona paviem skaties \u0161eit:\u00a0<a href=\"https:\/\/www.youtube.com\/watch?v=ZGGj_0mSBdo\">VIDEO: BABOLAT BADMINTONA APAVI SHADOW TOUR<\/a><\/p>\n","protected":false},"excerpt":{"rendered":"<p>Babolat v\u012brie\u0161u badmintona apavi Shadow Tour. Babolat apavi\u00a0ir augst\u0101k\u0101 l\u012bme\u0146a v\u012brie\u0161u badmintona apavi. Tehnlo\u0123ijas: Michelin zoles- Babolat apavu zoles ir izstr\u0101d\u0101jusi slaven\u0101 fran\u010du komp\u0101nija Michelin. T\u0101s jaun\u0101 zole ir piln\u012bb\u0101 piem\u0113rota visiem segumiem, uz kuriem sp\u0113l\u0113 badmintonu. Zoles ir \u012bpa\u0161i iztur\u012bgas, elast\u012bgas un atbilst non-marking standartam. Ortholite p\u0113di\u0146a- p\u0113c pirmajiem treni\u0146iem p\u0113di\u0146a piel\u0101gosies sp\u0113l\u0113t\u0101ja k\u0101jai&hellip;&nbsp;<a href=\"https:\/\/www.veikals.teniss.lv\/index.php\/product\/shadow-tour-men-zili-melni\/\" rel=\"bookmark\">Read More &raquo;<span class=\"screen-reader-text\">Shadow Tour Men<\/span><\/a><\/p>\n","protected":false},"featured_media":6938,"template":"","meta":{"neve_meta_sidebar":"","neve_meta_container":"","neve_meta_enable_content_width":"off","neve_meta_content_width":70,"neve_meta_title_alignment":"","neve_meta_author_avatar":"","neve_post_elements_order":"","neve_meta_disable_header":"","neve_meta_disable_footer":"","neve_meta_disable_title":"","_links_to":"","_links_to_target":""},"product_brand":[],"product_cat":[16,52,115,21,85,57,86,45,36,87],"product_tag":[178],"class_list":{"0":"post-5509","1":"product","2":"type-product","3":"status-publish","4":"has-post-thumbnail","6":"product_cat-akcijas-preces","7":"product_cat-apavi-badmintons","8":"product_cat-apavi-skvoss","9":"product_cat-badmintons","10":"product_cat-akcijas-badmintons","11":"product_cat-galda-tenisa-apavi","12":"product_cat-akcijas-galda-teniss","13":"product_cat-galda-teniss","14":"product_cat-skvoss","15":"product_cat-akcijas-skvoss","16":"product_tag-babolat","18":"first","19":"instock","20":"sale","21":"taxable","22":"shipping-taxable","23":"purchasable","24":"product-type-simple"},"yoast_head":"<!-- This site is optimized with the Yoast SEO plugin v27.3 - https:\/\/yoast.com\/product\/yoast-seo-wordpress\/ -->\n<title>Shadow Tour Men - Babolat v\u012brie\u0161u badmintona apavi - Teniss.lv<\/title>\n<meta name=\"description\" content=\"Babolat v\u012brie\u0161u badmintona apavi Shadow Tour. Babolat tenisa veikals- liel\u0101kais specializ\u0113tais tenisa veikals Latvij\u0101! Barons kvart\u0101ls, C\u0113su iela 31, k-3!\" \/>\n<meta name=\"robots\" content=\"index, follow, max-snippet:-1, max-image-preview:large, max-video-preview:-1\" \/>\n<link rel=\"canonical\" href=\"https:\/\/www.veikals.teniss.lv\/index.php\/product\/shadow-tour-men-zili-melni\/\" \/>\n<meta property=\"og:locale\" content=\"lv_LV\" \/>\n<meta property=\"og:type\" content=\"article\" \/>\n<meta property=\"og:title\" content=\"Shadow Tour Men - Babolat v\u012brie\u0161u badmintona apavi - Teniss.lv\" \/>\n<meta property=\"og:description\" content=\"Babolat v\u012brie\u0161u badmintona apavi Shadow Tour. Babolat tenisa veikals- liel\u0101kais specializ\u0113tais tenisa veikals Latvij\u0101! Barons kvart\u0101ls, C\u0113su iela 31, k-3!\" \/>\n<meta property=\"og:url\" content=\"https:\/\/www.veikals.teniss.lv\/index.php\/product\/shadow-tour-men-zili-melni\/\" \/>\n<meta property=\"og:site_name\" content=\"Tenisa veikals\" \/>\n<meta property=\"article:modified_time\" content=\"2026-03-03T15:21:41+00:00\" \/>\n<meta property=\"og:image\" content=\"http:\/\/www.veikals.teniss.lv\/wp-content\/uploads\/2021\/10\/Untitled.png\" \/>\n\t<meta property=\"og:image:width\" content=\"1008\" \/>\n\t<meta property=\"og:image:height\" content=\"1008\" \/>\n\t<meta property=\"og:image:type\" content=\"image\/png\" \/>\n<meta name=\"twitter:card\" content=\"summary_large_image\" \/>\n<meta name=\"twitter:label1\" content=\"Est. reading time\" \/>\n\t<meta name=\"twitter:data1\" content=\"2 min\u016btes\" \/>\n<script type=\"application\/ld+json\" class=\"yoast-schema-graph\">{\"@context\":\"https:\\\/\\\/schema.org\",\"@graph\":[{\"@type\":\"WebPage\",\"@id\":\"https:\\\/\\\/www.veikals.teniss.lv\\\/index.php\\\/product\\\/shadow-tour-men-zili-melni\\\/\",\"url\":\"https:\\\/\\\/www.veikals.teniss.lv\\\/index.php\\\/product\\\/shadow-tour-men-zili-melni\\\/\",\"name\":\"Shadow Tour Men - Babolat v\u012brie\u0161u badmintona apavi - Teniss.lv\",\"isPartOf\":{\"@id\":\"https:\\\/\\\/www.veikals.teniss.lv\\\/#website\"},\"primaryImageOfPage\":{\"@id\":\"https:\\\/\\\/www.veikals.teniss.lv\\\/index.php\\\/product\\\/shadow-tour-men-zili-melni\\\/#primaryimage\"},\"image\":{\"@id\":\"https:\\\/\\\/www.veikals.teniss.lv\\\/index.php\\\/product\\\/shadow-tour-men-zili-melni\\\/#primaryimage\"},\"thumbnailUrl\":\"https:\\\/\\\/www.veikals.teniss.lv\\\/wp-content\\\/uploads\\\/2021\\\/10\\\/Untitled.png\",\"datePublished\":\"2021-10-20T13:29:33+00:00\",\"dateModified\":\"2026-03-03T15:21:41+00:00\",\"description\":\"Babolat v\u012brie\u0161u badmintona apavi Shadow Tour. Babolat tenisa veikals- liel\u0101kais specializ\u0113tais tenisa veikals Latvij\u0101! Barons kvart\u0101ls, C\u0113su iela 31, k-3!\",\"breadcrumb\":{\"@id\":\"https:\\\/\\\/www.veikals.teniss.lv\\\/index.php\\\/product\\\/shadow-tour-men-zili-melni\\\/#breadcrumb\"},\"inLanguage\":\"lv-LV\",\"potentialAction\":[{\"@type\":\"ReadAction\",\"target\":[\"https:\\\/\\\/www.veikals.teniss.lv\\\/index.php\\\/product\\\/shadow-tour-men-zili-melni\\\/\"]}]},{\"@type\":\"ImageObject\",\"inLanguage\":\"lv-LV\",\"@id\":\"https:\\\/\\\/www.veikals.teniss.lv\\\/index.php\\\/product\\\/shadow-tour-men-zili-melni\\\/#primaryimage\",\"url\":\"https:\\\/\\\/www.veikals.teniss.lv\\\/wp-content\\\/uploads\\\/2021\\\/10\\\/Untitled.png\",\"contentUrl\":\"https:\\\/\\\/www.veikals.teniss.lv\\\/wp-content\\\/uploads\\\/2021\\\/10\\\/Untitled.png\",\"width\":1008,\"height\":1008},{\"@type\":\"BreadcrumbList\",\"@id\":\"https:\\\/\\\/www.veikals.teniss.lv\\\/index.php\\\/product\\\/shadow-tour-men-zili-melni\\\/#breadcrumb\",\"itemListElement\":[{\"@type\":\"ListItem\",\"position\":1,\"name\":\"Home\",\"item\":\"https:\\\/\\\/www.veikals.teniss.lv\\\/\"},{\"@type\":\"ListItem\",\"position\":2,\"name\":\"Kategorijas\",\"item\":\"https:\\\/\\\/www.veikals.teniss.lv\\\/\"},{\"@type\":\"ListItem\",\"position\":3,\"name\":\"Shadow Tour Men\"}]},{\"@type\":\"WebSite\",\"@id\":\"https:\\\/\\\/www.veikals.teniss.lv\\\/#website\",\"url\":\"https:\\\/\\\/www.veikals.teniss.lv\\\/\",\"name\":\"Tenisa veikals\",\"description\":\"RAKE\u0160U SPORTA E-VEIKALS\",\"publisher\":{\"@id\":\"https:\\\/\\\/www.veikals.teniss.lv\\\/#organization\"},\"potentialAction\":[{\"@type\":\"SearchAction\",\"target\":{\"@type\":\"EntryPoint\",\"urlTemplate\":\"https:\\\/\\\/www.veikals.teniss.lv\\\/?s={search_term_string}\"},\"query-input\":{\"@type\":\"PropertyValueSpecification\",\"valueRequired\":true,\"valueName\":\"search_term_string\"}}],\"inLanguage\":\"lv-LV\"},{\"@type\":\"Organization\",\"@id\":\"https:\\\/\\\/www.veikals.teniss.lv\\\/#organization\",\"name\":\"Teniss.lv\",\"url\":\"https:\\\/\\\/www.veikals.teniss.lv\\\/\",\"logo\":{\"@type\":\"ImageObject\",\"inLanguage\":\"lv-LV\",\"@id\":\"https:\\\/\\\/www.veikals.teniss.lv\\\/#\\\/schema\\\/logo\\\/image\\\/\",\"url\":\"https:\\\/\\\/www.veikals.teniss.lv\\\/wp-content\\\/uploads\\\/2021\\\/01\\\/cropped-babolat-logo1.png\",\"contentUrl\":\"https:\\\/\\\/www.veikals.teniss.lv\\\/wp-content\\\/uploads\\\/2021\\\/01\\\/cropped-babolat-logo1.png\",\"width\":500,\"height\":125,\"caption\":\"Teniss.lv\"},\"image\":{\"@id\":\"https:\\\/\\\/www.veikals.teniss.lv\\\/#\\\/schema\\\/logo\\\/image\\\/\"}}]}<\/script>\n<!-- \/ Yoast SEO plugin. -->","yoast_head_json":{"title":"Shadow Tour Men - Babolat v\u012brie\u0161u badmintona apavi - Teniss.lv","description":"Babolat v\u012brie\u0161u badmintona apavi Shadow Tour. Babolat tenisa veikals- liel\u0101kais specializ\u0113tais tenisa veikals Latvij\u0101! Barons kvart\u0101ls, C\u0113su iela 31, k-3!","robots":{"index":"index","follow":"follow","max-snippet":"max-snippet:-1","max-image-preview":"max-image-preview:large","max-video-preview":"max-video-preview:-1"},"canonical":"https:\/\/www.veikals.teniss.lv\/index.php\/product\/shadow-tour-men-zili-melni\/","og_locale":"lv_LV","og_type":"article","og_title":"Shadow Tour Men - Babolat v\u012brie\u0161u badmintona apavi - Teniss.lv","og_description":"Babolat v\u012brie\u0161u badmintona apavi Shadow Tour. Babolat tenisa veikals- liel\u0101kais specializ\u0113tais tenisa veikals Latvij\u0101! Barons kvart\u0101ls, C\u0113su iela 31, k-3!","og_url":"https:\/\/www.veikals.teniss.lv\/index.php\/product\/shadow-tour-men-zili-melni\/","og_site_name":"Tenisa veikals","article_modified_time":"2026-03-03T15:21:41+00:00","og_image":[{"width":1008,"height":1008,"url":"http:\/\/www.veikals.teniss.lv\/wp-content\/uploads\/2021\/10\/Untitled.png","type":"image\/png"}],"twitter_card":"summary_large_image","twitter_misc":{"Est. reading time":"2 min\u016btes"},"schema":{"@context":"https:\/\/schema.org","@graph":[{"@type":"WebPage","@id":"https:\/\/www.veikals.teniss.lv\/index.php\/product\/shadow-tour-men-zili-melni\/","url":"https:\/\/www.veikals.teniss.lv\/index.php\/product\/shadow-tour-men-zili-melni\/","name":"Shadow Tour Men - Babolat v\u012brie\u0161u badmintona apavi - Teniss.lv","isPartOf":{"@id":"https:\/\/www.veikals.teniss.lv\/#website"},"primaryImageOfPage":{"@id":"https:\/\/www.veikals.teniss.lv\/index.php\/product\/shadow-tour-men-zili-melni\/#primaryimage"},"image":{"@id":"https:\/\/www.veikals.teniss.lv\/index.php\/product\/shadow-tour-men-zili-melni\/#primaryimage"},"thumbnailUrl":"https:\/\/www.veikals.teniss.lv\/wp-content\/uploads\/2021\/10\/Untitled.png","datePublished":"2021-10-20T13:29:33+00:00","dateModified":"2026-03-03T15:21:41+00:00","description":"Babolat v\u012brie\u0161u badmintona apavi Shadow Tour. Babolat tenisa veikals- liel\u0101kais specializ\u0113tais tenisa veikals Latvij\u0101! Barons kvart\u0101ls, C\u0113su iela 31, k-3!","breadcrumb":{"@id":"https:\/\/www.veikals.teniss.lv\/index.php\/product\/shadow-tour-men-zili-melni\/#breadcrumb"},"inLanguage":"lv-LV","potentialAction":[{"@type":"ReadAction","target":["https:\/\/www.veikals.teniss.lv\/index.php\/product\/shadow-tour-men-zili-melni\/"]}]},{"@type":"ImageObject","inLanguage":"lv-LV","@id":"https:\/\/www.veikals.teniss.lv\/index.php\/product\/shadow-tour-men-zili-melni\/#primaryimage","url":"https:\/\/www.veikals.teniss.lv\/wp-content\/uploads\/2021\/10\/Untitled.png","contentUrl":"https:\/\/www.veikals.teniss.lv\/wp-content\/uploads\/2021\/10\/Untitled.png","width":1008,"height":1008},{"@type":"BreadcrumbList","@id":"https:\/\/www.veikals.teniss.lv\/index.php\/product\/shadow-tour-men-zili-melni\/#breadcrumb","itemListElement":[{"@type":"ListItem","position":1,"name":"Home","item":"https:\/\/www.veikals.teniss.lv\/"},{"@type":"ListItem","position":2,"name":"Kategorijas","item":"https:\/\/www.veikals.teniss.lv\/"},{"@type":"ListItem","position":3,"name":"Shadow Tour Men"}]},{"@type":"WebSite","@id":"https:\/\/www.veikals.teniss.lv\/#website","url":"https:\/\/www.veikals.teniss.lv\/","name":"Tenisa veikals","description":"RAKE\u0160U SPORTA E-VEIKALS","publisher":{"@id":"https:\/\/www.veikals.teniss.lv\/#organization"},"potentialAction":[{"@type":"SearchAction","target":{"@type":"EntryPoint","urlTemplate":"https:\/\/www.veikals.teniss.lv\/?s={search_term_string}"},"query-input":{"@type":"PropertyValueSpecification","valueRequired":true,"valueName":"search_term_string"}}],"inLanguage":"lv-LV"},{"@type":"Organization","@id":"https:\/\/www.veikals.teniss.lv\/#organization","name":"Teniss.lv","url":"https:\/\/www.veikals.teniss.lv\/","logo":{"@type":"ImageObject","inLanguage":"lv-LV","@id":"https:\/\/www.veikals.teniss.lv\/#\/schema\/logo\/image\/","url":"https:\/\/www.veikals.teniss.lv\/wp-content\/uploads\/2021\/01\/cropped-babolat-logo1.png","contentUrl":"https:\/\/www.veikals.teniss.lv\/wp-content\/uploads\/2021\/01\/cropped-babolat-logo1.png","width":500,"height":125,"caption":"Teniss.lv"},"image":{"@id":"https:\/\/www.veikals.teniss.lv\/#\/schema\/logo\/image\/"}}]}},"_links":{"self":[{"href":"https:\/\/www.veikals.teniss.lv\/index.php\/wp-json\/wp\/v2\/product\/5509","targetHints":{"allow":["GET"]}}],"collection":[{"href":"https:\/\/www.veikals.teniss.lv\/index.php\/wp-json\/wp\/v2\/product"}],"about":[{"href":"https:\/\/www.veikals.teniss.lv\/index.php\/wp-json\/wp\/v2\/types\/product"}],"wp:featuredmedia":[{"embeddable":true,"href":"https:\/\/www.veikals.teniss.lv\/index.php\/wp-json\/wp\/v2\/media\/6938"}],"wp:attachment":[{"href":"https:\/\/www.veikals.teniss.lv\/index.php\/wp-json\/wp\/v2\/media?parent=5509"}],"wp:term":[{"taxonomy":"product_brand","embeddable":true,"href":"https:\/\/www.veikals.teniss.lv\/index.php\/wp-json\/wp\/v2\/product_brand?post=5509"},{"taxonomy":"product_cat","embeddable":true,"href":"https:\/\/www.veikals.teniss.lv\/index.php\/wp-json\/wp\/v2\/product_cat?post=5509"},{"taxonomy":"product_tag","embeddable":true,"href":"https:\/\/www.veikals.teniss.lv\/index.php\/wp-json\/wp\/v2\/product_tag?post=5509"}],"curies":[{"name":"wp","href":"https:\/\/api.w.org\/{rel}","templated":true}]}}