{"id":16307,"date":"2025-12-08T11:58:36","date_gmt":"2025-12-08T09:58:36","guid":{"rendered":"https:\/\/www.veikals.teniss.lv\/?post_type=product&#038;p=16307"},"modified":"2026-01-08T10:35:00","modified_gmt":"2026-01-08T08:35:00","slug":"padel-tenisa-bumbas-head-pro-plus-72-gab-24x3","status":"publish","type":"product","link":"https:\/\/www.veikals.teniss.lv\/index.php\/product\/padel-tenisa-bumbas-head-pro-plus-72-gab-24x3\/","title":{"rendered":"Padel Tenisa Bumbas Head Pro Plus 72.GAB (24&#215;3)"},"content":{"rendered":"<p data-sourcepos=\"1:1-1:398\"><b>HEAD PADEL PRO+<\/b> bumba nodro\u0161ina izcilu kontroli un ilg\u0101ku kalpo\u0161anas laiku, pateicoties jaunai serdes formulai, kas ilg\u0101k saglab\u0101 spiedienu, un speci\u0101li padelam izstr\u0101d\u0101tam, iztur\u012bgam filcam. \u0160\u012b ir Sp\u0101nijas Padel Feder\u0101cijas ofici\u0101l\u0101 bumba, kas iepakota jaun\u0101, ilgtsp\u0113j\u012bg\u0101k\u0101 un viegl\u0101k p\u0101rstr\u0101d\u0101jam\u0101 iepakojum\u0101.<\/p>\n<p>Kast\u0113 24&#215;3 gab.<\/p>\n<p><strong>Pieg\u0101des veidi un cenas:\u00a0<\/strong><\/p>\n<ul>\n<li>Sa\u0146emt preci Babolat veikal\u0101 \u2013\u00a0<strong>BEZMAKSAS<\/strong><\/li>\n<li>Sa\u0146emt preci Omniva pakom\u0101t\u0101 \u2013\u00a0<strong>1,99 EUR<\/strong><\/li>\n<li>Sa\u0146emt preci ar pieg\u0101di uz m\u0101j\u0101m \u2013\u00a0<strong>9,99 EUR<\/strong><\/li>\n<\/ul>\n<p><strong>Ieg\u0101d\u0101joties preces virs 100 EUR, pieg\u0101de Omniva pakom\u0101t\u0101 \u2013 BEZMAKSAS!\u00a0<\/strong><\/p>\n<p>Uzzin\u0101t vair\u0101k par apmaksas veidiem:\u00a0<a href=\"https:\/\/www.teniss.lv\/apmaksas-veidi\/\">APMAKSAS VEIDI<\/a><\/p>\n<p>Uzzin\u0101t vair\u0101k par garantijas nosac\u012bjumiem un atgrie\u0161anas iesp\u0113j\u0101m:\u00a0<a href=\"https:\/\/www.teniss.lv\/garantija-un-atgriesana\/\">GARANTIJA UN ATGRIE\u0160ANA<\/a><\/p>\n<h6><strong>BABOLAT TENISA VEIKALS<\/strong>\u2013\u00a0<strong>R\u012aG\u0100, C\u0112SU IEL\u0100 31. VISS NEPIECIE\u0160AMAIS TENISAM.\u00a0<\/strong><\/h6>\n<p><strong><a href=\"https:\/\/www.teniss.lv\/kontakti\/\">K\u0101 nok\u013c\u016bt?\u00a0<\/a><\/strong><\/p>\n<p><span lang=\"lv\"><strong>Babolat<\/strong>\u00a0ir fran\u010du izcelsmes \u0123imenes uz\u0146\u0113mums, kas savu darb\u012bbu aizs\u0101cis jau 1875. gad\u0101, kad teniss un badmintons v\u0113l bija tikai s\u0101kuma stadij\u0101. Ar gandr\u012bz 150 gadu laik\u0101 uzkr\u0101to pieredzi, Babolat ir viens no vec\u0101kajiem un profesion\u0101l\u0101kajiem staurptautiskajiem sporta z\u012bmoliem pasaul\u0113, kas specializ\u0113jas rake\u0161u sport\u0101. Gadu laik\u0101 v\u0113rojot un analiz\u0113jot sp\u0113les, Babolat m\u0113r\u0137is ir rast ar vien lab\u0101kus risin\u0101jumus un uzlabjumus, lai ieg\u016btu maksim\u0101lo kvalit\u0101ti sp\u0113l\u0113, piel\u0101gojoties sp\u0113les stiliem, k\u0101 ar\u012b sp\u0113l\u0113t\u0101ju l\u012bme\u0146iem un vecumiem. Babolat ir izveidojis lieliskas sadarb\u012bbas ar t\u0101diem profesion\u0101liem tenisa sp\u0113l\u0113t\u0101jiem k\u0101 Rafael Nadal un Stephan Houdet, profesion\u0101liem badmintona sp\u0113l\u0113t\u0101jiem Chloe Birch un Hongyan Pi un izcilu padel tenisa sp\u0113l\u0113t\u0101ju Juan Lebron.\u00a0<\/span><\/p>\n<p>Vair\u0101k par Babolat uz\u0146\u0113muma ideju skaties \u0161eit:<\/p>\n<p><a href=\"https:\/\/www.youtube.com\/watch?v=gDcapYFEx_Q\">VIDEO: BABOLAT<\/a><\/p>\n","protected":false},"excerpt":{"rendered":"<p>HEAD PADEL PRO+ bumba nodro\u0161ina izcilu kontroli un ilg\u0101ku kalpo\u0161anas laiku, pateicoties jaunai serdes formulai, kas ilg\u0101k saglab\u0101 spiedienu, un speci\u0101li padelam izstr\u0101d\u0101tam, iztur\u012bgam filcam. \u0160\u012b ir Sp\u0101nijas Padel Feder\u0101cijas ofici\u0101l\u0101 bumba, kas iepakota jaun\u0101, ilgtsp\u0113j\u012bg\u0101k\u0101 un viegl\u0101k p\u0101rstr\u0101d\u0101jam\u0101 iepakojum\u0101. Kast\u0113 24&#215;3 gab. Pieg\u0101des veidi un cenas:\u00a0 Sa\u0146emt preci Babolat veikal\u0101 \u2013\u00a0BEZMAKSAS Sa\u0146emt preci Omniva&hellip;&nbsp;<a href=\"https:\/\/www.veikals.teniss.lv\/index.php\/product\/padel-tenisa-bumbas-head-pro-plus-72-gab-24x3\/\" rel=\"bookmark\">Read More &raquo;<span class=\"screen-reader-text\">Padel Tenisa Bumbas Head Pro Plus 72.GAB (24&#215;3)<\/span><\/a><\/p>\n","protected":false},"featured_media":16310,"template":"","meta":{"neve_meta_sidebar":"","neve_meta_container":"","neve_meta_enable_content_width":"off","neve_meta_content_width":70,"neve_meta_title_alignment":"","neve_meta_author_avatar":"","neve_post_elements_order":"","neve_meta_disable_header":"","neve_meta_disable_footer":"","neve_meta_disable_title":"","_links_to":"","_links_to_target":""},"product_brand":[],"product_cat":[16,156,42,88],"product_tag":[],"class_list":{"0":"post-16307","1":"product","2":"type-product","3":"status-publish","4":"has-post-thumbnail","6":"product_cat-akcijas-preces","7":"product_cat-padel-bumbinas","8":"product_cat-padel-teniss","9":"product_cat-akcijas-padel","11":"first","12":"instock","13":"sale","14":"taxable","15":"shipping-taxable","16":"purchasable","17":"product-type-simple"},"yoast_head":"<!-- This site is optimized with the Yoast SEO plugin v27.3 - https:\/\/yoast.com\/product\/yoast-seo-wordpress\/ -->\n<title>Padel Tenisa Bumbas Head Pro Plus 72.GAB (24x3) - Tenisa veikals<\/title>\n<meta name=\"robots\" content=\"index, follow, max-snippet:-1, max-image-preview:large, max-video-preview:-1\" \/>\n<link rel=\"canonical\" href=\"https:\/\/www.veikals.teniss.lv\/index.php\/product\/padel-tenisa-bumbas-head-pro-plus-72-gab-24x3\/\" \/>\n<meta property=\"og:locale\" content=\"lv_LV\" \/>\n<meta property=\"og:type\" content=\"article\" \/>\n<meta property=\"og:title\" content=\"Padel Tenisa Bumbas Head Pro Plus 72.GAB (24x3) - Tenisa veikals\" \/>\n<meta property=\"og:description\" content=\"HEAD PADEL PRO+ bumba nodro\u0161ina izcilu kontroli un ilg\u0101ku kalpo\u0161anas laiku, pateicoties jaunai serdes formulai, kas ilg\u0101k saglab\u0101 spiedienu, un speci\u0101li padelam izstr\u0101d\u0101tam, iztur\u012bgam filcam. \u0160\u012b ir Sp\u0101nijas Padel Feder\u0101cijas ofici\u0101l\u0101 bumba, kas iepakota jaun\u0101, ilgtsp\u0113j\u012bg\u0101k\u0101 un viegl\u0101k p\u0101rstr\u0101d\u0101jam\u0101 iepakojum\u0101. Kast\u0113 24&#215;3 gab. Pieg\u0101des veidi un cenas:\u00a0 Sa\u0146emt preci Babolat veikal\u0101 \u2013\u00a0BEZMAKSAS Sa\u0146emt preci Omniva&hellip;&nbsp;Read More &raquo;Padel Tenisa Bumbas Head Pro Plus 72.GAB (24&#215;3)\" \/>\n<meta property=\"og:url\" content=\"https:\/\/www.veikals.teniss.lv\/index.php\/product\/padel-tenisa-bumbas-head-pro-plus-72-gab-24x3\/\" \/>\n<meta property=\"og:site_name\" content=\"Tenisa veikals\" \/>\n<meta property=\"article:modified_time\" content=\"2026-01-08T08:35:00+00:00\" \/>\n<meta property=\"og:image\" content=\"http:\/\/www.veikals.teniss.lv\/wp-content\/uploads\/2025\/12\/317676.jpg\" \/>\n\t<meta property=\"og:image:width\" content=\"800\" \/>\n\t<meta property=\"og:image:height\" content=\"800\" \/>\n\t<meta property=\"og:image:type\" content=\"image\/jpeg\" \/>\n<meta name=\"twitter:card\" content=\"summary_large_image\" \/>\n<meta name=\"twitter:label1\" content=\"Est. reading time\" \/>\n\t<meta name=\"twitter:data1\" content=\"2 min\u016btes\" \/>\n<script type=\"application\/ld+json\" class=\"yoast-schema-graph\">{\"@context\":\"https:\\\/\\\/schema.org\",\"@graph\":[{\"@type\":\"WebPage\",\"@id\":\"https:\\\/\\\/www.veikals.teniss.lv\\\/index.php\\\/product\\\/padel-tenisa-bumbas-head-pro-plus-72-gab-24x3\\\/\",\"url\":\"https:\\\/\\\/www.veikals.teniss.lv\\\/index.php\\\/product\\\/padel-tenisa-bumbas-head-pro-plus-72-gab-24x3\\\/\",\"name\":\"Padel Tenisa Bumbas Head Pro Plus 72.GAB (24x3) - Tenisa veikals\",\"isPartOf\":{\"@id\":\"https:\\\/\\\/www.veikals.teniss.lv\\\/#website\"},\"primaryImageOfPage\":{\"@id\":\"https:\\\/\\\/www.veikals.teniss.lv\\\/index.php\\\/product\\\/padel-tenisa-bumbas-head-pro-plus-72-gab-24x3\\\/#primaryimage\"},\"image\":{\"@id\":\"https:\\\/\\\/www.veikals.teniss.lv\\\/index.php\\\/product\\\/padel-tenisa-bumbas-head-pro-plus-72-gab-24x3\\\/#primaryimage\"},\"thumbnailUrl\":\"https:\\\/\\\/www.veikals.teniss.lv\\\/wp-content\\\/uploads\\\/2025\\\/12\\\/317676.jpg\",\"datePublished\":\"2025-12-08T09:58:36+00:00\",\"dateModified\":\"2026-01-08T08:35:00+00:00\",\"breadcrumb\":{\"@id\":\"https:\\\/\\\/www.veikals.teniss.lv\\\/index.php\\\/product\\\/padel-tenisa-bumbas-head-pro-plus-72-gab-24x3\\\/#breadcrumb\"},\"inLanguage\":\"lv-LV\",\"potentialAction\":[{\"@type\":\"ReadAction\",\"target\":[\"https:\\\/\\\/www.veikals.teniss.lv\\\/index.php\\\/product\\\/padel-tenisa-bumbas-head-pro-plus-72-gab-24x3\\\/\"]}]},{\"@type\":\"ImageObject\",\"inLanguage\":\"lv-LV\",\"@id\":\"https:\\\/\\\/www.veikals.teniss.lv\\\/index.php\\\/product\\\/padel-tenisa-bumbas-head-pro-plus-72-gab-24x3\\\/#primaryimage\",\"url\":\"https:\\\/\\\/www.veikals.teniss.lv\\\/wp-content\\\/uploads\\\/2025\\\/12\\\/317676.jpg\",\"contentUrl\":\"https:\\\/\\\/www.veikals.teniss.lv\\\/wp-content\\\/uploads\\\/2025\\\/12\\\/317676.jpg\",\"width\":800,\"height\":800},{\"@type\":\"BreadcrumbList\",\"@id\":\"https:\\\/\\\/www.veikals.teniss.lv\\\/index.php\\\/product\\\/padel-tenisa-bumbas-head-pro-plus-72-gab-24x3\\\/#breadcrumb\",\"itemListElement\":[{\"@type\":\"ListItem\",\"position\":1,\"name\":\"Home\",\"item\":\"https:\\\/\\\/www.veikals.teniss.lv\\\/\"},{\"@type\":\"ListItem\",\"position\":2,\"name\":\"Kategorijas\",\"item\":\"https:\\\/\\\/www.veikals.teniss.lv\\\/\"},{\"@type\":\"ListItem\",\"position\":3,\"name\":\"Padel Tenisa Bumbas Head Pro Plus 72.GAB (24&#215;3)\"}]},{\"@type\":\"WebSite\",\"@id\":\"https:\\\/\\\/www.veikals.teniss.lv\\\/#website\",\"url\":\"https:\\\/\\\/www.veikals.teniss.lv\\\/\",\"name\":\"Tenisa veikals\",\"description\":\"RAKE\u0160U SPORTA E-VEIKALS\",\"publisher\":{\"@id\":\"https:\\\/\\\/www.veikals.teniss.lv\\\/#organization\"},\"potentialAction\":[{\"@type\":\"SearchAction\",\"target\":{\"@type\":\"EntryPoint\",\"urlTemplate\":\"https:\\\/\\\/www.veikals.teniss.lv\\\/?s={search_term_string}\"},\"query-input\":{\"@type\":\"PropertyValueSpecification\",\"valueRequired\":true,\"valueName\":\"search_term_string\"}}],\"inLanguage\":\"lv-LV\"},{\"@type\":\"Organization\",\"@id\":\"https:\\\/\\\/www.veikals.teniss.lv\\\/#organization\",\"name\":\"Teniss.lv\",\"url\":\"https:\\\/\\\/www.veikals.teniss.lv\\\/\",\"logo\":{\"@type\":\"ImageObject\",\"inLanguage\":\"lv-LV\",\"@id\":\"https:\\\/\\\/www.veikals.teniss.lv\\\/#\\\/schema\\\/logo\\\/image\\\/\",\"url\":\"https:\\\/\\\/www.veikals.teniss.lv\\\/wp-content\\\/uploads\\\/2021\\\/01\\\/cropped-babolat-logo1.png\",\"contentUrl\":\"https:\\\/\\\/www.veikals.teniss.lv\\\/wp-content\\\/uploads\\\/2021\\\/01\\\/cropped-babolat-logo1.png\",\"width\":500,\"height\":125,\"caption\":\"Teniss.lv\"},\"image\":{\"@id\":\"https:\\\/\\\/www.veikals.teniss.lv\\\/#\\\/schema\\\/logo\\\/image\\\/\"}}]}<\/script>\n<!-- \/ Yoast SEO plugin. -->","yoast_head_json":{"title":"Padel Tenisa Bumbas Head Pro Plus 72.GAB (24x3) - Tenisa veikals","robots":{"index":"index","follow":"follow","max-snippet":"max-snippet:-1","max-image-preview":"max-image-preview:large","max-video-preview":"max-video-preview:-1"},"canonical":"https:\/\/www.veikals.teniss.lv\/index.php\/product\/padel-tenisa-bumbas-head-pro-plus-72-gab-24x3\/","og_locale":"lv_LV","og_type":"article","og_title":"Padel Tenisa Bumbas Head Pro Plus 72.GAB (24x3) - Tenisa veikals","og_description":"HEAD PADEL PRO+ bumba nodro\u0161ina izcilu kontroli un ilg\u0101ku kalpo\u0161anas laiku, pateicoties jaunai serdes formulai, kas ilg\u0101k saglab\u0101 spiedienu, un speci\u0101li padelam izstr\u0101d\u0101tam, iztur\u012bgam filcam. \u0160\u012b ir Sp\u0101nijas Padel Feder\u0101cijas ofici\u0101l\u0101 bumba, kas iepakota jaun\u0101, ilgtsp\u0113j\u012bg\u0101k\u0101 un viegl\u0101k p\u0101rstr\u0101d\u0101jam\u0101 iepakojum\u0101. Kast\u0113 24&#215;3 gab. Pieg\u0101des veidi un cenas:\u00a0 Sa\u0146emt preci Babolat veikal\u0101 \u2013\u00a0BEZMAKSAS Sa\u0146emt preci Omniva&hellip;&nbsp;Read More &raquo;Padel Tenisa Bumbas Head Pro Plus 72.GAB (24&#215;3)","og_url":"https:\/\/www.veikals.teniss.lv\/index.php\/product\/padel-tenisa-bumbas-head-pro-plus-72-gab-24x3\/","og_site_name":"Tenisa veikals","article_modified_time":"2026-01-08T08:35:00+00:00","og_image":[{"width":800,"height":800,"url":"http:\/\/www.veikals.teniss.lv\/wp-content\/uploads\/2025\/12\/317676.jpg","type":"image\/jpeg"}],"twitter_card":"summary_large_image","twitter_misc":{"Est. reading time":"2 min\u016btes"},"schema":{"@context":"https:\/\/schema.org","@graph":[{"@type":"WebPage","@id":"https:\/\/www.veikals.teniss.lv\/index.php\/product\/padel-tenisa-bumbas-head-pro-plus-72-gab-24x3\/","url":"https:\/\/www.veikals.teniss.lv\/index.php\/product\/padel-tenisa-bumbas-head-pro-plus-72-gab-24x3\/","name":"Padel Tenisa Bumbas Head Pro Plus 72.GAB (24x3) - Tenisa veikals","isPartOf":{"@id":"https:\/\/www.veikals.teniss.lv\/#website"},"primaryImageOfPage":{"@id":"https:\/\/www.veikals.teniss.lv\/index.php\/product\/padel-tenisa-bumbas-head-pro-plus-72-gab-24x3\/#primaryimage"},"image":{"@id":"https:\/\/www.veikals.teniss.lv\/index.php\/product\/padel-tenisa-bumbas-head-pro-plus-72-gab-24x3\/#primaryimage"},"thumbnailUrl":"https:\/\/www.veikals.teniss.lv\/wp-content\/uploads\/2025\/12\/317676.jpg","datePublished":"2025-12-08T09:58:36+00:00","dateModified":"2026-01-08T08:35:00+00:00","breadcrumb":{"@id":"https:\/\/www.veikals.teniss.lv\/index.php\/product\/padel-tenisa-bumbas-head-pro-plus-72-gab-24x3\/#breadcrumb"},"inLanguage":"lv-LV","potentialAction":[{"@type":"ReadAction","target":["https:\/\/www.veikals.teniss.lv\/index.php\/product\/padel-tenisa-bumbas-head-pro-plus-72-gab-24x3\/"]}]},{"@type":"ImageObject","inLanguage":"lv-LV","@id":"https:\/\/www.veikals.teniss.lv\/index.php\/product\/padel-tenisa-bumbas-head-pro-plus-72-gab-24x3\/#primaryimage","url":"https:\/\/www.veikals.teniss.lv\/wp-content\/uploads\/2025\/12\/317676.jpg","contentUrl":"https:\/\/www.veikals.teniss.lv\/wp-content\/uploads\/2025\/12\/317676.jpg","width":800,"height":800},{"@type":"BreadcrumbList","@id":"https:\/\/www.veikals.teniss.lv\/index.php\/product\/padel-tenisa-bumbas-head-pro-plus-72-gab-24x3\/#breadcrumb","itemListElement":[{"@type":"ListItem","position":1,"name":"Home","item":"https:\/\/www.veikals.teniss.lv\/"},{"@type":"ListItem","position":2,"name":"Kategorijas","item":"https:\/\/www.veikals.teniss.lv\/"},{"@type":"ListItem","position":3,"name":"Padel Tenisa Bumbas Head Pro Plus 72.GAB (24&#215;3)"}]},{"@type":"WebSite","@id":"https:\/\/www.veikals.teniss.lv\/#website","url":"https:\/\/www.veikals.teniss.lv\/","name":"Tenisa veikals","description":"RAKE\u0160U SPORTA E-VEIKALS","publisher":{"@id":"https:\/\/www.veikals.teniss.lv\/#organization"},"potentialAction":[{"@type":"SearchAction","target":{"@type":"EntryPoint","urlTemplate":"https:\/\/www.veikals.teniss.lv\/?s={search_term_string}"},"query-input":{"@type":"PropertyValueSpecification","valueRequired":true,"valueName":"search_term_string"}}],"inLanguage":"lv-LV"},{"@type":"Organization","@id":"https:\/\/www.veikals.teniss.lv\/#organization","name":"Teniss.lv","url":"https:\/\/www.veikals.teniss.lv\/","logo":{"@type":"ImageObject","inLanguage":"lv-LV","@id":"https:\/\/www.veikals.teniss.lv\/#\/schema\/logo\/image\/","url":"https:\/\/www.veikals.teniss.lv\/wp-content\/uploads\/2021\/01\/cropped-babolat-logo1.png","contentUrl":"https:\/\/www.veikals.teniss.lv\/wp-content\/uploads\/2021\/01\/cropped-babolat-logo1.png","width":500,"height":125,"caption":"Teniss.lv"},"image":{"@id":"https:\/\/www.veikals.teniss.lv\/#\/schema\/logo\/image\/"}}]}},"_links":{"self":[{"href":"https:\/\/www.veikals.teniss.lv\/index.php\/wp-json\/wp\/v2\/product\/16307","targetHints":{"allow":["GET"]}}],"collection":[{"href":"https:\/\/www.veikals.teniss.lv\/index.php\/wp-json\/wp\/v2\/product"}],"about":[{"href":"https:\/\/www.veikals.teniss.lv\/index.php\/wp-json\/wp\/v2\/types\/product"}],"wp:featuredmedia":[{"embeddable":true,"href":"https:\/\/www.veikals.teniss.lv\/index.php\/wp-json\/wp\/v2\/media\/16310"}],"wp:attachment":[{"href":"https:\/\/www.veikals.teniss.lv\/index.php\/wp-json\/wp\/v2\/media?parent=16307"}],"wp:term":[{"taxonomy":"product_brand","embeddable":true,"href":"https:\/\/www.veikals.teniss.lv\/index.php\/wp-json\/wp\/v2\/product_brand?post=16307"},{"taxonomy":"product_cat","embeddable":true,"href":"https:\/\/www.veikals.teniss.lv\/index.php\/wp-json\/wp\/v2\/product_cat?post=16307"},{"taxonomy":"product_tag","embeddable":true,"href":"https:\/\/www.veikals.teniss.lv\/index.php\/wp-json\/wp\/v2\/product_tag?post=16307"}],"curies":[{"name":"wp","href":"https:\/\/api.w.org\/{rel}","templated":true}]}}