{"id":11344,"date":"2024-04-05T15:18:43","date_gmt":"2024-04-05T12:18:43","guid":{"rendered":"https:\/\/www.veikals.teniss.lv\/?post_type=product&#038;p=11344"},"modified":"2026-03-03T16:36:12","modified_gmt":"2026-03-03T14:36:12","slug":"viriesu-tenisa-apavi-propulse-fury-3-ac-2","status":"publish","type":"product","link":"https:\/\/www.veikals.teniss.lv\/index.php\/product\/viriesu-tenisa-apavi-propulse-fury-3-ac-2\/","title":{"rendered":"V\u012aRIE\u0160U TENISA APAVI PROPULSE FURY 3 AC"},"content":{"rendered":"<p><strong>Babolat v\u012brie\u0161u tenisa apavi Propulse Fury 3 All Court.<\/strong>\u00a0\u012apa\u0161i \u0113rti, stabili un dro\u0161i tenisa apavi, kas labi satur pot\u012bti.<\/p>\n<ul>\n<li>Piem\u0113roti sp\u0113l\u0113\u0161anai uz visiem segumiem.<\/li>\n<li>\u201cNon marking\u201d tenisa apavi, kas nesm\u0113r\u0113 un neboj\u0101 tenisa laukumu segumu.<\/li>\n<\/ul>\n<p><strong>Tehnolo\u0123ijas:<\/strong><\/p>\n<ul>\n<li>\u201c360 Insock\u201d nodro\u0161ina papildu stabilit\u0101ti, jo m\u0113l\u012bte ir apvienota kop\u0101 ar p\u0101r\u0113jo apavu da\u013cu.<\/li>\n<li>\u201cKPRS-X\u201d tehnolo\u0123ija, kas nodro\u0161ina papildu stabilit\u0101ti, atbalstu pap\u0113dim un p\u0113dai. Izgatavota no augstas kvalit\u0101tes putu materi\u0101la.<\/li>\n<li>\u201cActive Flexion\u201d Babolat patent\u0113t\u0101 tehnolo\u0123ija, kas adres\u0113 9 punktus zol\u0113 maksim\u0101li \u0101tr\u0101m un atsper\u012bg\u0101m kust\u012bb\u0101m.<\/li>\n<li>\u201cPowerBelt Technology\u201d nodro\u0161ina papildu stabilit\u0101ti p\u0113dai un pot\u012btei ar apavos iestr\u0101d\u0101tu stabilit\u0101tes siksni\u0146u un pot\u012btes zonas paaugstin\u0101jumu.<\/li>\n<li>Ar \u201cMichelin Premium DIN20\u201d tehnolo\u0123iju ra\u017eota \u0101r\u0113j\u0101 zole, kas nodro\u0161ina papildus iztur\u012bbu un samazina apavu nolieto\u0161anos, jo t\u0101 piel\u0101gota tenisa specifiskajai k\u0101jdarb\u012bbai.<\/li>\n<\/ul>\n<p><strong>Ieg\u0101d\u0101jies preces m\u016bsu internetveikal\u0101 uz izv\u0113lies sev \u0113rt\u0101ko pieg\u0101des veidu!\u00a0<\/strong><\/p>\n<p><strong>Pieg\u0101des veidi un cenas:\u00a0<\/strong><\/p>\n<ul>\n<li>Sa\u0146emt preci Babolat veikal\u0101 \u2013\u00a0<strong>BEZMAKSAS<\/strong><\/li>\n<li>Sa\u0146emt preci Omniva pakom\u0101t\u0101 \u2013\u00a0<strong>1,99 EUR<\/strong><\/li>\n<li>Sa\u0146emt preci ar pieg\u0101di uz m\u0101j\u0101m \u2013\u00a0<strong>9,99 EUR<\/strong><\/li>\n<\/ul>\n<p><strong>Ieg\u0101d\u0101joties preces virs 100 EUR, pieg\u0101de Omniva pakom\u0101t\u0101 \u2013 BEZMAKSAS!\u00a0<\/strong><\/p>\n<p>Uzzin\u0101t vair\u0101k par apmaksas veidiem:\u00a0<a href=\"https:\/\/www.teniss.lv\/apmaksas-veidi\/\">APMAKSAS VEIDI<\/a><\/p>\n<p>Uzzin\u0101t vair\u0101k par garantijas nosac\u012bjumiem un atgrie\u0161anas iesp\u0113j\u0101m:\u00a0<a href=\"https:\/\/www.teniss.lv\/garantija-un-atgriesana\/\">GARANTIJA UN ATGRIE\u0160ANA<\/a><\/p>\n<h6><strong>BABOLAT TENISA VEIKALS<\/strong>\u2013\u00a0<strong>R\u012aG\u0100, C\u0112SU IEL\u0100 31. VISS NEPIECIE\u0160AMAIS TENISAM.\u00a0<\/strong><\/h6>\n<p><strong><a href=\"https:\/\/www.teniss.lv\/kontakti\/\">K\u0101 nok\u013c\u016bt?\u00a0<\/a><\/strong><\/p>\n<p><span lang=\"lv\"><strong>Babolat<\/strong>\u00a0ir fran\u010du izcelsmes \u0123imenes uz\u0146\u0113mums, kas savu darb\u012bbu aizs\u0101cis jau 1875. gad\u0101, kad teniss un badmintons v\u0113l bija tikai s\u0101kuma stadij\u0101. Ar gandr\u012bz 150 gadu laik\u0101 uzkr\u0101to pieredzi, Babolat ir viens no vec\u0101kajiem un profesion\u0101l\u0101kajiem staurptautiskajiem sporta z\u012bmoliem pasaul\u0113, kas specializ\u0113jas rake\u0161u sport\u0101. Gadu laik\u0101 v\u0113rojot un analiz\u0113jot sp\u0113les, Babolat m\u0113r\u0137is ir rast ar vien lab\u0101kus risin\u0101jumus un uzlabjumus, lai ieg\u016btu maksim\u0101lo kvalit\u0101ti sp\u0113l\u0113, piel\u0101gojoties sp\u0113les stiliem, k\u0101 ar\u012b sp\u0113l\u0113t\u0101ju l\u012bme\u0146iem un vecumiem. Babolat ir izveidojis lieliskas sadarb\u012bbas ar t\u0101diem profesion\u0101liem tenisa sp\u0113l\u0113t\u0101jiem k\u0101 Rafael Nadal un Stephan Houdet, profesion\u0101liem badmintona sp\u0113l\u0113t\u0101jiem Chloe Birch un Hongyan Pi un izcilu badmintona sp\u0113l\u0113t\u0101ju Juan Lebron.\u00a0<\/span><\/p>\n<div id=\"wpcf7-f7123-p11828-o1\" class=\"wpcf7\" dir=\"ltr\" lang=\"en-US\" role=\"form\">\n<form class=\"wpcf7-form\" action=\"https:\/\/www.teniss.lv\/tenisa-katalogs\/teniss\/raketes\/pure-aero-super-lite-2018\/#wpcf7-f7123-p11828-o1\" method=\"post\" novalidate=\"novalidate\">\n<div class=\"edgtf-three-columns-form edgtf-no-space clearfix\">Vair\u0101k par Babolat tenisa apaviem skaties \u0161eit:\u00a0<a href=\"https:\/\/www.youtube.com\/watch?v=r9TgTOZLr_Y\">VIDEO: BABOLAT TENISA APAVI<\/a><\/div>\n<\/form>\n<\/div>\n","protected":false},"excerpt":{"rendered":"<p>Babolat v\u012brie\u0161u tenisa apavi Propulse Fury 3 All Court.\u00a0\u012apa\u0161i \u0113rti, stabili un dro\u0161i tenisa apavi, kas labi satur pot\u012bti. Piem\u0113roti sp\u0113l\u0113\u0161anai uz visiem segumiem. \u201cNon marking\u201d tenisa apavi, kas nesm\u0113r\u0113 un neboj\u0101 tenisa laukumu segumu. Tehnolo\u0123ijas: \u201c360 Insock\u201d nodro\u0161ina papildu stabilit\u0101ti, jo m\u0113l\u012bte ir apvienota kop\u0101 ar p\u0101r\u0113jo apavu da\u013cu. \u201cKPRS-X\u201d tehnolo\u0123ija, kas nodro\u0161ina papildu&hellip;&nbsp;<a href=\"https:\/\/www.veikals.teniss.lv\/index.php\/product\/viriesu-tenisa-apavi-propulse-fury-3-ac-2\/\" rel=\"bookmark\">Read More &raquo;<span class=\"screen-reader-text\">V\u012aRIE\u0160U TENISA APAVI PROPULSE FURY 3 AC<\/span><\/a><\/p>\n","protected":false},"featured_media":11345,"template":"","meta":{"neve_meta_sidebar":"","neve_meta_container":"","neve_meta_enable_content_width":"off","neve_meta_content_width":100,"neve_meta_title_alignment":"","neve_meta_author_avatar":"","neve_post_elements_order":"","neve_meta_disable_header":"","neve_meta_disable_footer":"","neve_meta_disable_title":"","_links_to":"","_links_to_target":""},"product_brand":[],"product_cat":[16,25,80,17,51],"product_tag":[178],"class_list":{"0":"post-11344","1":"product","2":"type-product","3":"status-publish","4":"has-post-thumbnail","6":"product_cat-akcijas-preces","7":"product_cat-apavi-tenisam","8":"product_cat-akcijas-apavi","9":"product_cat-teniss","10":"product_cat-viriesu-tenisa-apavi","11":"product_tag-babolat","13":"first","14":"instock","15":"sale","16":"taxable","17":"shipping-taxable","18":"purchasable","19":"product-type-simple"},"yoast_head":"<!-- This site is optimized with the Yoast SEO plugin v27.3 - https:\/\/yoast.com\/product\/yoast-seo-wordpress\/ -->\n<title>V\u012aRIE\u0160U TENISA APAVI PROPULSE FURY 3 AC - Tenisa veikals<\/title>\n<meta name=\"description\" content=\"V\u012brie\u0161u tenisa apavi Propulse Fury 3 All Court. Babolat tenisa veikals- liel\u0101kais specializ\u0113tais tenisa veikals Latvij\u0101! Barons kvart\u0101ls, C\u0113su iela 31, k-3!\" \/>\n<meta name=\"robots\" content=\"index, follow, max-snippet:-1, max-image-preview:large, max-video-preview:-1\" \/>\n<link rel=\"canonical\" href=\"https:\/\/www.veikals.teniss.lv\/index.php\/product\/viriesu-tenisa-apavi-propulse-fury-3-ac-2\/\" \/>\n<meta property=\"og:locale\" content=\"lv_LV\" \/>\n<meta property=\"og:type\" content=\"article\" \/>\n<meta property=\"og:title\" content=\"V\u012aRIE\u0160U TENISA APAVI PROPULSE FURY 3 AC - Tenisa veikals\" \/>\n<meta property=\"og:description\" content=\"V\u012brie\u0161u tenisa apavi Propulse Fury 3 All Court. Babolat tenisa veikals- liel\u0101kais specializ\u0113tais tenisa veikals Latvij\u0101! Barons kvart\u0101ls, C\u0113su iela 31, k-3!\" \/>\n<meta property=\"og:url\" content=\"https:\/\/www.veikals.teniss.lv\/index.php\/product\/viriesu-tenisa-apavi-propulse-fury-3-ac-2\/\" \/>\n<meta property=\"og:site_name\" content=\"Tenisa veikals\" \/>\n<meta property=\"article:modified_time\" content=\"2026-03-03T14:36:12+00:00\" \/>\n<meta property=\"og:image\" content=\"http:\/\/www.veikals.teniss.lv\/wp-content\/uploads\/2024\/04\/30S24208-PROPULSE_FURY_3_ALL_COURT_MEN-4116-1-Exterieur.png\" \/>\n\t<meta property=\"og:image:width\" content=\"1920\" \/>\n\t<meta property=\"og:image:height\" content=\"1920\" \/>\n\t<meta property=\"og:image:type\" content=\"image\/png\" \/>\n<meta name=\"twitter:card\" content=\"summary_large_image\" \/>\n<meta name=\"twitter:label1\" content=\"Est. reading time\" \/>\n\t<meta name=\"twitter:data1\" content=\"2 min\u016btes\" \/>\n<script type=\"application\/ld+json\" class=\"yoast-schema-graph\">{\"@context\":\"https:\\\/\\\/schema.org\",\"@graph\":[{\"@type\":\"WebPage\",\"@id\":\"https:\\\/\\\/www.veikals.teniss.lv\\\/index.php\\\/product\\\/viriesu-tenisa-apavi-propulse-fury-3-ac-2\\\/\",\"url\":\"https:\\\/\\\/www.veikals.teniss.lv\\\/index.php\\\/product\\\/viriesu-tenisa-apavi-propulse-fury-3-ac-2\\\/\",\"name\":\"V\u012aRIE\u0160U TENISA APAVI PROPULSE FURY 3 AC - Tenisa veikals\",\"isPartOf\":{\"@id\":\"https:\\\/\\\/www.veikals.teniss.lv\\\/#website\"},\"primaryImageOfPage\":{\"@id\":\"https:\\\/\\\/www.veikals.teniss.lv\\\/index.php\\\/product\\\/viriesu-tenisa-apavi-propulse-fury-3-ac-2\\\/#primaryimage\"},\"image\":{\"@id\":\"https:\\\/\\\/www.veikals.teniss.lv\\\/index.php\\\/product\\\/viriesu-tenisa-apavi-propulse-fury-3-ac-2\\\/#primaryimage\"},\"thumbnailUrl\":\"https:\\\/\\\/www.veikals.teniss.lv\\\/wp-content\\\/uploads\\\/2024\\\/04\\\/30S24208-PROPULSE_FURY_3_ALL_COURT_MEN-4116-1-Exterieur.png\",\"datePublished\":\"2024-04-05T12:18:43+00:00\",\"dateModified\":\"2026-03-03T14:36:12+00:00\",\"description\":\"V\u012brie\u0161u tenisa apavi Propulse Fury 3 All Court. Babolat tenisa veikals- liel\u0101kais specializ\u0113tais tenisa veikals Latvij\u0101! Barons kvart\u0101ls, C\u0113su iela 31, k-3!\",\"breadcrumb\":{\"@id\":\"https:\\\/\\\/www.veikals.teniss.lv\\\/index.php\\\/product\\\/viriesu-tenisa-apavi-propulse-fury-3-ac-2\\\/#breadcrumb\"},\"inLanguage\":\"lv-LV\",\"potentialAction\":[{\"@type\":\"ReadAction\",\"target\":[\"https:\\\/\\\/www.veikals.teniss.lv\\\/index.php\\\/product\\\/viriesu-tenisa-apavi-propulse-fury-3-ac-2\\\/\"]}]},{\"@type\":\"ImageObject\",\"inLanguage\":\"lv-LV\",\"@id\":\"https:\\\/\\\/www.veikals.teniss.lv\\\/index.php\\\/product\\\/viriesu-tenisa-apavi-propulse-fury-3-ac-2\\\/#primaryimage\",\"url\":\"https:\\\/\\\/www.veikals.teniss.lv\\\/wp-content\\\/uploads\\\/2024\\\/04\\\/30S24208-PROPULSE_FURY_3_ALL_COURT_MEN-4116-1-Exterieur.png\",\"contentUrl\":\"https:\\\/\\\/www.veikals.teniss.lv\\\/wp-content\\\/uploads\\\/2024\\\/04\\\/30S24208-PROPULSE_FURY_3_ALL_COURT_MEN-4116-1-Exterieur.png\",\"width\":1920,\"height\":1920},{\"@type\":\"BreadcrumbList\",\"@id\":\"https:\\\/\\\/www.veikals.teniss.lv\\\/index.php\\\/product\\\/viriesu-tenisa-apavi-propulse-fury-3-ac-2\\\/#breadcrumb\",\"itemListElement\":[{\"@type\":\"ListItem\",\"position\":1,\"name\":\"Home\",\"item\":\"https:\\\/\\\/www.veikals.teniss.lv\\\/\"},{\"@type\":\"ListItem\",\"position\":2,\"name\":\"Kategorijas\",\"item\":\"https:\\\/\\\/www.veikals.teniss.lv\\\/\"},{\"@type\":\"ListItem\",\"position\":3,\"name\":\"V\u012aRIE\u0160U TENISA APAVI PROPULSE FURY 3 AC\"}]},{\"@type\":\"WebSite\",\"@id\":\"https:\\\/\\\/www.veikals.teniss.lv\\\/#website\",\"url\":\"https:\\\/\\\/www.veikals.teniss.lv\\\/\",\"name\":\"Tenisa veikals\",\"description\":\"RAKE\u0160U SPORTA E-VEIKALS\",\"publisher\":{\"@id\":\"https:\\\/\\\/www.veikals.teniss.lv\\\/#organization\"},\"potentialAction\":[{\"@type\":\"SearchAction\",\"target\":{\"@type\":\"EntryPoint\",\"urlTemplate\":\"https:\\\/\\\/www.veikals.teniss.lv\\\/?s={search_term_string}\"},\"query-input\":{\"@type\":\"PropertyValueSpecification\",\"valueRequired\":true,\"valueName\":\"search_term_string\"}}],\"inLanguage\":\"lv-LV\"},{\"@type\":\"Organization\",\"@id\":\"https:\\\/\\\/www.veikals.teniss.lv\\\/#organization\",\"name\":\"Teniss.lv\",\"url\":\"https:\\\/\\\/www.veikals.teniss.lv\\\/\",\"logo\":{\"@type\":\"ImageObject\",\"inLanguage\":\"lv-LV\",\"@id\":\"https:\\\/\\\/www.veikals.teniss.lv\\\/#\\\/schema\\\/logo\\\/image\\\/\",\"url\":\"https:\\\/\\\/www.veikals.teniss.lv\\\/wp-content\\\/uploads\\\/2021\\\/01\\\/cropped-babolat-logo1.png\",\"contentUrl\":\"https:\\\/\\\/www.veikals.teniss.lv\\\/wp-content\\\/uploads\\\/2021\\\/01\\\/cropped-babolat-logo1.png\",\"width\":500,\"height\":125,\"caption\":\"Teniss.lv\"},\"image\":{\"@id\":\"https:\\\/\\\/www.veikals.teniss.lv\\\/#\\\/schema\\\/logo\\\/image\\\/\"}}]}<\/script>\n<!-- \/ Yoast SEO plugin. -->","yoast_head_json":{"title":"V\u012aRIE\u0160U TENISA APAVI PROPULSE FURY 3 AC - Tenisa veikals","description":"V\u012brie\u0161u tenisa apavi Propulse Fury 3 All Court. Babolat tenisa veikals- liel\u0101kais specializ\u0113tais tenisa veikals Latvij\u0101! Barons kvart\u0101ls, C\u0113su iela 31, k-3!","robots":{"index":"index","follow":"follow","max-snippet":"max-snippet:-1","max-image-preview":"max-image-preview:large","max-video-preview":"max-video-preview:-1"},"canonical":"https:\/\/www.veikals.teniss.lv\/index.php\/product\/viriesu-tenisa-apavi-propulse-fury-3-ac-2\/","og_locale":"lv_LV","og_type":"article","og_title":"V\u012aRIE\u0160U TENISA APAVI PROPULSE FURY 3 AC - Tenisa veikals","og_description":"V\u012brie\u0161u tenisa apavi Propulse Fury 3 All Court. Babolat tenisa veikals- liel\u0101kais specializ\u0113tais tenisa veikals Latvij\u0101! Barons kvart\u0101ls, C\u0113su iela 31, k-3!","og_url":"https:\/\/www.veikals.teniss.lv\/index.php\/product\/viriesu-tenisa-apavi-propulse-fury-3-ac-2\/","og_site_name":"Tenisa veikals","article_modified_time":"2026-03-03T14:36:12+00:00","og_image":[{"width":1920,"height":1920,"url":"http:\/\/www.veikals.teniss.lv\/wp-content\/uploads\/2024\/04\/30S24208-PROPULSE_FURY_3_ALL_COURT_MEN-4116-1-Exterieur.png","type":"image\/png"}],"twitter_card":"summary_large_image","twitter_misc":{"Est. reading time":"2 min\u016btes"},"schema":{"@context":"https:\/\/schema.org","@graph":[{"@type":"WebPage","@id":"https:\/\/www.veikals.teniss.lv\/index.php\/product\/viriesu-tenisa-apavi-propulse-fury-3-ac-2\/","url":"https:\/\/www.veikals.teniss.lv\/index.php\/product\/viriesu-tenisa-apavi-propulse-fury-3-ac-2\/","name":"V\u012aRIE\u0160U TENISA APAVI PROPULSE FURY 3 AC - Tenisa veikals","isPartOf":{"@id":"https:\/\/www.veikals.teniss.lv\/#website"},"primaryImageOfPage":{"@id":"https:\/\/www.veikals.teniss.lv\/index.php\/product\/viriesu-tenisa-apavi-propulse-fury-3-ac-2\/#primaryimage"},"image":{"@id":"https:\/\/www.veikals.teniss.lv\/index.php\/product\/viriesu-tenisa-apavi-propulse-fury-3-ac-2\/#primaryimage"},"thumbnailUrl":"https:\/\/www.veikals.teniss.lv\/wp-content\/uploads\/2024\/04\/30S24208-PROPULSE_FURY_3_ALL_COURT_MEN-4116-1-Exterieur.png","datePublished":"2024-04-05T12:18:43+00:00","dateModified":"2026-03-03T14:36:12+00:00","description":"V\u012brie\u0161u tenisa apavi Propulse Fury 3 All Court. Babolat tenisa veikals- liel\u0101kais specializ\u0113tais tenisa veikals Latvij\u0101! Barons kvart\u0101ls, C\u0113su iela 31, k-3!","breadcrumb":{"@id":"https:\/\/www.veikals.teniss.lv\/index.php\/product\/viriesu-tenisa-apavi-propulse-fury-3-ac-2\/#breadcrumb"},"inLanguage":"lv-LV","potentialAction":[{"@type":"ReadAction","target":["https:\/\/www.veikals.teniss.lv\/index.php\/product\/viriesu-tenisa-apavi-propulse-fury-3-ac-2\/"]}]},{"@type":"ImageObject","inLanguage":"lv-LV","@id":"https:\/\/www.veikals.teniss.lv\/index.php\/product\/viriesu-tenisa-apavi-propulse-fury-3-ac-2\/#primaryimage","url":"https:\/\/www.veikals.teniss.lv\/wp-content\/uploads\/2024\/04\/30S24208-PROPULSE_FURY_3_ALL_COURT_MEN-4116-1-Exterieur.png","contentUrl":"https:\/\/www.veikals.teniss.lv\/wp-content\/uploads\/2024\/04\/30S24208-PROPULSE_FURY_3_ALL_COURT_MEN-4116-1-Exterieur.png","width":1920,"height":1920},{"@type":"BreadcrumbList","@id":"https:\/\/www.veikals.teniss.lv\/index.php\/product\/viriesu-tenisa-apavi-propulse-fury-3-ac-2\/#breadcrumb","itemListElement":[{"@type":"ListItem","position":1,"name":"Home","item":"https:\/\/www.veikals.teniss.lv\/"},{"@type":"ListItem","position":2,"name":"Kategorijas","item":"https:\/\/www.veikals.teniss.lv\/"},{"@type":"ListItem","position":3,"name":"V\u012aRIE\u0160U TENISA APAVI PROPULSE FURY 3 AC"}]},{"@type":"WebSite","@id":"https:\/\/www.veikals.teniss.lv\/#website","url":"https:\/\/www.veikals.teniss.lv\/","name":"Tenisa veikals","description":"RAKE\u0160U SPORTA E-VEIKALS","publisher":{"@id":"https:\/\/www.veikals.teniss.lv\/#organization"},"potentialAction":[{"@type":"SearchAction","target":{"@type":"EntryPoint","urlTemplate":"https:\/\/www.veikals.teniss.lv\/?s={search_term_string}"},"query-input":{"@type":"PropertyValueSpecification","valueRequired":true,"valueName":"search_term_string"}}],"inLanguage":"lv-LV"},{"@type":"Organization","@id":"https:\/\/www.veikals.teniss.lv\/#organization","name":"Teniss.lv","url":"https:\/\/www.veikals.teniss.lv\/","logo":{"@type":"ImageObject","inLanguage":"lv-LV","@id":"https:\/\/www.veikals.teniss.lv\/#\/schema\/logo\/image\/","url":"https:\/\/www.veikals.teniss.lv\/wp-content\/uploads\/2021\/01\/cropped-babolat-logo1.png","contentUrl":"https:\/\/www.veikals.teniss.lv\/wp-content\/uploads\/2021\/01\/cropped-babolat-logo1.png","width":500,"height":125,"caption":"Teniss.lv"},"image":{"@id":"https:\/\/www.veikals.teniss.lv\/#\/schema\/logo\/image\/"}}]}},"_links":{"self":[{"href":"https:\/\/www.veikals.teniss.lv\/index.php\/wp-json\/wp\/v2\/product\/11344","targetHints":{"allow":["GET"]}}],"collection":[{"href":"https:\/\/www.veikals.teniss.lv\/index.php\/wp-json\/wp\/v2\/product"}],"about":[{"href":"https:\/\/www.veikals.teniss.lv\/index.php\/wp-json\/wp\/v2\/types\/product"}],"wp:featuredmedia":[{"embeddable":true,"href":"https:\/\/www.veikals.teniss.lv\/index.php\/wp-json\/wp\/v2\/media\/11345"}],"wp:attachment":[{"href":"https:\/\/www.veikals.teniss.lv\/index.php\/wp-json\/wp\/v2\/media?parent=11344"}],"wp:term":[{"taxonomy":"product_brand","embeddable":true,"href":"https:\/\/www.veikals.teniss.lv\/index.php\/wp-json\/wp\/v2\/product_brand?post=11344"},{"taxonomy":"product_cat","embeddable":true,"href":"https:\/\/www.veikals.teniss.lv\/index.php\/wp-json\/wp\/v2\/product_cat?post=11344"},{"taxonomy":"product_tag","embeddable":true,"href":"https:\/\/www.veikals.teniss.lv\/index.php\/wp-json\/wp\/v2\/product_tag?post=11344"}],"curies":[{"name":"wp","href":"https:\/\/api.w.org\/{rel}","templated":true}]}}